{"id":877,"date":"2025-08-20T06:21:02","date_gmt":"2025-08-20T06:21:02","guid":{"rendered":"https:\/\/kimkhivugia.com\/phu-kien-pin-xe\/?post_type=product&#038;p=877"},"modified":"2026-03-24T12:01:00","modified_gmt":"2026-03-24T12:01:00","slug":"tam-op-bao-ve-pin-vf9","status":"publish","type":"product","link":"https:\/\/kimkhivugia.com\/phu-kien-pin-xe\/tam-op-bao-ve-pin-vf9\/","title":{"rendered":"T\u1ea5m \u1ed1p b\u1ea3o v\u1ec7 PIN VF9"},"content":{"rendered":"\n\n<div class=\"kk-star-ratings kksr-auto kksr-align-left kksr-valign-top\"\n    data-payload='{&quot;align&quot;:&quot;left&quot;,&quot;id&quot;:&quot;877&quot;,&quot;slug&quot;:&quot;default&quot;,&quot;valign&quot;:&quot;top&quot;,&quot;ignore&quot;:&quot;&quot;,&quot;reference&quot;:&quot;auto&quot;,&quot;class&quot;:&quot;&quot;,&quot;count&quot;:&quot;1&quot;,&quot;legendonly&quot;:&quot;&quot;,&quot;readonly&quot;:&quot;&quot;,&quot;score&quot;:&quot;5&quot;,&quot;starsonly&quot;:&quot;&quot;,&quot;best&quot;:&quot;5&quot;,&quot;gap&quot;:&quot;5&quot;,&quot;greet&quot;:&quot;\u0110\u00e1nh gi\u00e1 b\u00e0i vi\u1ebft&quot;,&quot;legend&quot;:&quot;5\\\/5 - (1 b\u00ecnh ch\u1ecdn)&quot;,&quot;size&quot;:&quot;24&quot;,&quot;title&quot;:&quot;T\u1ea5m \u1ed1p b\u1ea3o v\u1ec7 PIN VF9&quot;,&quot;width&quot;:&quot;142.5&quot;,&quot;_legend&quot;:&quot;{score}\\\/{best} - ({count} {votes})&quot;,&quot;font_factor&quot;:&quot;1.25&quot;}'>\n            \n<div class=\"kksr-stars\">\n    \n<div class=\"kksr-stars-inactive\">\n            <div class=\"kksr-star\" data-star=\"1\" style=\"padding-right: 5px\">\n            \n\n<div class=\"kksr-icon\" style=\"width: 24px; height: 24px;\"><\/div>\n        <\/div>\n            <div class=\"kksr-star\" data-star=\"2\" style=\"padding-right: 5px\">\n            \n\n<div class=\"kksr-icon\" style=\"width: 24px; height: 24px;\"><\/div>\n        <\/div>\n            <div class=\"kksr-star\" data-star=\"3\" style=\"padding-right: 5px\">\n            \n\n<div class=\"kksr-icon\" style=\"width: 24px; height: 24px;\"><\/div>\n        <\/div>\n            <div class=\"kksr-star\" data-star=\"4\" style=\"padding-right: 5px\">\n            \n\n<div class=\"kksr-icon\" style=\"width: 24px; height: 24px;\"><\/div>\n        <\/div>\n            <div class=\"kksr-star\" data-star=\"5\" style=\"padding-right: 5px\">\n            \n\n<div class=\"kksr-icon\" style=\"width: 24px; height: 24px;\"><\/div>\n        <\/div>\n    <\/div>\n    \n<div class=\"kksr-stars-active\" style=\"width: 142.5px;\">\n            <div class=\"kksr-star\" style=\"padding-right: 5px\">\n            \n\n<div class=\"kksr-icon\" style=\"width: 24px; height: 24px;\"><\/div>\n        <\/div>\n            <div class=\"kksr-star\" style=\"padding-right: 5px\">\n            \n\n<div class=\"kksr-icon\" style=\"width: 24px; height: 24px;\"><\/div>\n        <\/div>\n            <div class=\"kksr-star\" style=\"padding-right: 5px\">\n            \n\n<div class=\"kksr-icon\" style=\"width: 24px; height: 24px;\"><\/div>\n        <\/div>\n            <div class=\"kksr-star\" style=\"padding-right: 5px\">\n            \n\n<div class=\"kksr-icon\" style=\"width: 24px; height: 24px;\"><\/div>\n        <\/div>\n            <div class=\"kksr-star\" style=\"padding-right: 5px\">\n            \n\n<div class=\"kksr-icon\" style=\"width: 24px; height: 24px;\"><\/div>\n        <\/div>\n    <\/div>\n<\/div>\n                \n\n<div class=\"kksr-legend\" style=\"font-size: 19.2px;\">\n            5\/5 - (1 b\u00ecnh ch\u1ecdn)    <\/div>\n    <\/div>\n<p>\u1ed0p pin VF9 \u0111\u01b0\u1ee3c thi\u1ebft k\u1ebf chuy\u00ean d\u1ee5ng cho xe \u0111i\u1ec7n VinFast VF9, gi\u00fap b\u1ea3o v\u1ec7 t\u1ed1i \u01b0u b\u1ed9 pin kh\u1ecfi c\u00e1c t\u00e1c \u0111\u1ed9ng c\u01a1 h\u1ecdc, va ch\u1ea1m ph\u1ea7n pin. S\u1ea3n ph\u1ea9m \u0111\u01b0\u1ee3c s\u1ea3n xu\u1ea5t t\u1eeb v\u1eadt li\u1ec7u inox 304 cao c\u1ea5p v\u00e0 th\u00e9p m\u1ea1 k\u1ebdm s\u01a1n t\u0129nh \u0111i\u1ec7n, \u0111\u1ea3m b\u1ea3o \u0111\u1ed9 b\u1ec1n v\u01b0\u1ee3t tr\u1ed9i, kh\u1ea3 n\u0103ng ch\u1ed1ng g\u1ec9 s\u00e9t v\u00e0 ch\u1ecbu l\u1ef1c t\u1ed1t.<\/p>\n<p>V\u1edbi thi\u1ebft k\u1ebf chu\u1ea9n kh\u1edbp 100% theo c\u1ea5u tr\u00fac m\u1eb7t pin, \u1ed1p pin VF9 \u00f4m tr\u1ecdn m\u1eb7t pin v\u00e0 vi\u1ec1n pin gi\u00fap b\u1ea3o v\u1ec7 t\u1ed1t nh\u1ea5t cho pin v\u00e0 gi\u00fap t\u0103ng t\u00ednh th\u1ea9m m\u1ef9 cho g\u1ea7m xe. Qu\u00e1 tr\u00ecnh l\u1eafp \u0111\u1eb7t nhanh ch\u00f3ng, kh\u00f4ng c\u1ea7n ch\u1ec9nh s\u1eeda k\u1ebft c\u1ea5u g\u1ea7m, an to\u00e0n tuy\u1ec7t \u0111\u1ed1i v\u00e0 kh\u00f4ng khoan c\u1eaft ch\u1ebf \u0111\u1ed9.<\/p>\n<h2>Ph\u00e2n bi\u1ec7t d\u00f2ng pin<\/h2>\n<ul>\n<li>Pin SDI v\u1ecf pin m\u00e0u tr\u1eafng<\/li>\n<li>Pin CATL v\u1ecf pin m\u00e0u \u0111en Khi \u0111\u1eb7t h\u00e0ng ch\u00fa \u00fd xem \u0111\u00fang ch\u1ee7ng lo\u1ea1i pin \u0111\u1ec3 tr\u00e1nh \u0111\u1eb7t h\u00e0ng nh\u1ea7m lo\u1ea1i<\/li>\n<\/ul>\n","protected":false},"excerpt":{"rendered":"<p>\u1ed0p pin VF9 \u0111\u01b0\u1ee3c thi\u1ebft k\u1ebf chuy\u00ean d\u1ee5ng cho xe \u0111i\u1ec7n VinFast VF9, gi\u00fap b\u1ea3o v\u1ec7 t\u1ed1i \u01b0u b\u1ed9 pin kh\u1ecfi c\u00e1c t\u00e1c \u0111\u1ed9ng c\u01a1 h\u1ecdc, va ch\u1ea1m ph\u1ea7n pin. S\u1ea3n ph\u1ea9m \u0111\u01b0\u1ee3c s\u1ea3n xu\u1ea5t t\u1eeb v\u1eadt li\u1ec7u inox 304 cao c\u1ea5p v\u00e0 th\u00e9p m\u1ea1 k\u1ebdm s\u01a1n t\u0129nh \u0111i\u1ec7n, \u0111\u1ea3m b\u1ea3o \u0111\u1ed9 b\u1ec1n v\u01b0\u1ee3t tr\u1ed9i, kh\u1ea3 n\u0103ng ch\u1ed1ng g\u1ec9 s\u00e9t v\u00e0 ch\u1ecbu l\u1ef1c t\u1ed1t.<\/p>\n<p>V\u1edbi thi\u1ebft k\u1ebf chu\u1ea9n kh\u1edbp 100% theo c\u1ea5u tr\u00fac m\u1eb7t pin, \u1ed1p pin VF9 \u00f4m tr\u1ecdn m\u1eb7t pin v\u00e0 vi\u1ec1n pin gi\u00fap b\u1ea3o v\u1ec7 t\u1ed1t nh\u1ea5t cho pin v\u00e0 gi\u00fap t\u0103ng t\u00ednh th\u1ea9m m\u1ef9 cho g\u1ea7m xe. Qu\u00e1 tr\u00ecnh l\u1eafp \u0111\u1eb7t nhanh ch\u00f3ng, kh\u00f4ng c\u1ea7n ch\u1ec9nh s\u1eeda k\u1ebft c\u1ea5u g\u1ea7m, an to\u00e0n tuy\u1ec7t \u0111\u1ed1i v\u00e0 kh\u00f4ng khoan c\u1eaft ch\u1ebf \u0111\u1ed9.<\/p>\n<h2>Ph\u00e2n bi\u1ec7t d\u00f2ng pin<\/h2>\n<ul>\n<li>Pin SDI v\u1ecf pin m\u00e0u tr\u1eafng<\/li>\n<li>Pin CATL v\u1ecf pin m\u00e0u \u0111en Khi \u0111\u1eb7t h\u00e0ng ch\u00fa \u00fd xem \u0111\u00fang ch\u1ee7ng lo\u1ea1i pin \u0111\u1ec3 tr\u00e1nh \u0111\u1eb7t h\u00e0ng nh\u1ea7m lo\u1ea1i<\/li>\n<\/ul>\n","protected":false},"featured_media":880,"comment_status":"closed","ping_status":"closed","template":"","meta":[],"product_brand":[],"product_cat":[63,24],"product_tag":[],"class_list":{"0":"post-877","1":"product","2":"type-product","3":"status-publish","4":"has-post-thumbnail","6":"product_cat-op-bao-ve-pin-op-bao-ve-pin","7":"product_cat-op-bao-ve-pin","9":"first","10":"instock","11":"sale","12":"shipping-taxable","13":"purchasable","14":"product-type-variable"},"_links":{"self":[{"href":"https:\/\/kimkhivugia.com\/phu-kien-pin-xe\/wp-json\/wp\/v2\/product\/877","targetHints":{"allow":["GET"]}}],"collection":[{"href":"https:\/\/kimkhivugia.com\/phu-kien-pin-xe\/wp-json\/wp\/v2\/product"}],"about":[{"href":"https:\/\/kimkhivugia.com\/phu-kien-pin-xe\/wp-json\/wp\/v2\/types\/product"}],"replies":[{"embeddable":true,"href":"https:\/\/kimkhivugia.com\/phu-kien-pin-xe\/wp-json\/wp\/v2\/comments?post=877"}],"wp:featuredmedia":[{"embeddable":true,"href":"https:\/\/kimkhivugia.com\/phu-kien-pin-xe\/wp-json\/wp\/v2\/media\/880"}],"wp:attachment":[{"href":"https:\/\/kimkhivugia.com\/phu-kien-pin-xe\/wp-json\/wp\/v2\/media?parent=877"}],"wp:term":[{"taxonomy":"product_brand","embeddable":true,"href":"https:\/\/kimkhivugia.com\/phu-kien-pin-xe\/wp-json\/wp\/v2\/product_brand?post=877"},{"taxonomy":"product_cat","embeddable":true,"href":"https:\/\/kimkhivugia.com\/phu-kien-pin-xe\/wp-json\/wp\/v2\/product_cat?post=877"},{"taxonomy":"product_tag","embeddable":true,"href":"https:\/\/kimkhivugia.com\/phu-kien-pin-xe\/wp-json\/wp\/v2\/product_tag?post=877"}],"curies":[{"name":"wp","href":"https:\/\/api.w.org\/{rel}","templated":true}]}}