{"id":1807,"date":"2025-08-24T10:11:52","date_gmt":"2025-08-24T03:11:52","guid":{"rendered":"https:\/\/kimkhivugia.com\/noi-that\/han-danh-bong\/"},"modified":"2025-11-19T11:51:33","modified_gmt":"2025-11-19T04:51:33","slug":"han-danh-bong","status":"publish","type":"product","link":"https:\/\/kimkhivugia.com\/noi-that\/han-danh-bong\/","title":{"rendered":"H\u00c0N X\u1eec L\u00dd B\u1ec0 M\u1eb6T"},"content":{"rendered":"\n\n<div class=\"kk-star-ratings kksr-auto kksr-align-left kksr-valign-top\"\n    data-payload='{&quot;align&quot;:&quot;left&quot;,&quot;id&quot;:&quot;1807&quot;,&quot;slug&quot;:&quot;default&quot;,&quot;valign&quot;:&quot;top&quot;,&quot;ignore&quot;:&quot;&quot;,&quot;reference&quot;:&quot;auto&quot;,&quot;class&quot;:&quot;&quot;,&quot;count&quot;:&quot;0&quot;,&quot;legendonly&quot;:&quot;&quot;,&quot;readonly&quot;:&quot;&quot;,&quot;score&quot;:&quot;0&quot;,&quot;starsonly&quot;:&quot;&quot;,&quot;best&quot;:&quot;5&quot;,&quot;gap&quot;:&quot;5&quot;,&quot;greet&quot;:&quot;\u0110\u00e1nh gi\u00e1 b\u00e0i vi\u1ebft&quot;,&quot;legend&quot;:&quot;0\\\/5 - (0 b\u00ecnh ch\u1ecdn)&quot;,&quot;size&quot;:&quot;24&quot;,&quot;title&quot;:&quot;H\u00c0N X\u1eec L\u00dd B\u1ec0 M\u1eb6T&quot;,&quot;width&quot;:&quot;0&quot;,&quot;_legend&quot;:&quot;{score}\\\/{best} - ({count} {votes})&quot;,&quot;font_factor&quot;:&quot;1.25&quot;}'>\n            \n<div class=\"kksr-stars\">\n    \n<div class=\"kksr-stars-inactive\">\n            <div class=\"kksr-star\" data-star=\"1\" style=\"padding-right: 5px\">\n            \n\n<div class=\"kksr-icon\" style=\"width: 24px; height: 24px;\"><\/div>\n        <\/div>\n            <div class=\"kksr-star\" data-star=\"2\" style=\"padding-right: 5px\">\n            \n\n<div class=\"kksr-icon\" style=\"width: 24px; height: 24px;\"><\/div>\n        <\/div>\n            <div class=\"kksr-star\" data-star=\"3\" style=\"padding-right: 5px\">\n            \n\n<div class=\"kksr-icon\" style=\"width: 24px; height: 24px;\"><\/div>\n        <\/div>\n            <div class=\"kksr-star\" data-star=\"4\" style=\"padding-right: 5px\">\n            \n\n<div class=\"kksr-icon\" style=\"width: 24px; height: 24px;\"><\/div>\n        <\/div>\n            <div class=\"kksr-star\" data-star=\"5\" style=\"padding-right: 5px\">\n            \n\n<div class=\"kksr-icon\" style=\"width: 24px; height: 24px;\"><\/div>\n        <\/div>\n    <\/div>\n    \n<div class=\"kksr-stars-active\" style=\"width: 0px;\">\n            <div class=\"kksr-star\" style=\"padding-right: 5px\">\n            \n\n<div class=\"kksr-icon\" style=\"width: 24px; height: 24px;\"><\/div>\n        <\/div>\n            <div class=\"kksr-star\" style=\"padding-right: 5px\">\n            \n\n<div class=\"kksr-icon\" style=\"width: 24px; height: 24px;\"><\/div>\n        <\/div>\n            <div class=\"kksr-star\" style=\"padding-right: 5px\">\n            \n\n<div class=\"kksr-icon\" style=\"width: 24px; height: 24px;\"><\/div>\n        <\/div>\n            <div class=\"kksr-star\" style=\"padding-right: 5px\">\n            \n\n<div class=\"kksr-icon\" style=\"width: 24px; height: 24px;\"><\/div>\n        <\/div>\n            <div class=\"kksr-star\" style=\"padding-right: 5px\">\n            \n\n<div class=\"kksr-icon\" style=\"width: 24px; height: 24px;\"><\/div>\n        <\/div>\n    <\/div>\n<\/div>\n                \n\n<div class=\"kksr-legend\" style=\"font-size: 19.2px;\">\n            <span class=\"kksr-muted\">\u0110\u00e1nh gi\u00e1 b\u00e0i vi\u1ebft<\/span>\n    <\/div>\n    <\/div>\n<h1 data-start=\"259\" data-end=\"345\">C\u00f4ng ty TNHH Kim Kh\u00ed V\u0169 Gia \u0111\u1ea9y m\u1ea1nh d\u1ecbch v\u1ee5 gia c\u00f4ng h\u00e0n v\u00e0 x\u1eed l\u00fd b\u1ec1 m\u1eb7t kim lo\u1ea1i<\/h1>\n<p data-start=\"347\" data-end=\"714\">Trong ng\u00e0nh c\u01a1 kh\u00ed ch\u1ebf t\u1ea1o, <strong data-start=\"375\" data-end=\"398\">h\u00e0n v\u00e0 x\u1eed l\u00fd b\u1ec1 m\u1eb7t<\/strong> l\u00e0 nh\u1eefng c\u00f4ng \u0111o\u1ea1n then ch\u1ed1t, quy\u1ebft \u0111\u1ecbnh \u0111\u1ebfn <strong data-start=\"444\" data-end=\"480\">\u0111\u1ed9 b\u1ec1n, t\u00ednh th\u1ea9m m\u1ef9 v\u00e0 tu\u1ed5i th\u1ecd<\/strong> c\u1ee7a s\u1ea3n ph\u1ea9m kim lo\u1ea1i. Nh\u1eb1m n\u00e2ng cao n\u0103ng l\u1ef1c c\u1ea1nh tranh, <strong data-start=\"539\" data-end=\"570\">C\u00f4ng ty TNHH Kim Kh\u00ed V\u0169 Gia<\/strong> \u0111\u00e3 \u0111\u1ea7u t\u01b0 \u0111\u1ed3ng b\u1ed9 c\u00e1c c\u00f4ng ngh\u1ec7 h\u00e0n ti\u00ean ti\u1ebfn k\u1ebft h\u1ee3p c\u00f9ng quy tr\u00ecnh x\u1eed l\u00fd b\u1ec1 m\u1eb7t hi\u1ec7n \u0111\u1ea1i, \u0111\u00e1p \u1ee9ng nh\u1eefng ti\u00eau chu\u1ea9n kh\u1eaft khe c\u1ee7a th\u1ecb tr\u01b0\u1eddng.<\/p>\n<h2 data-start=\"716\" data-end=\"774\">C\u00f4ng ngh\u1ec7 h\u00e0n \u0111a d\u1ea1ng, ph\u00f9 h\u1ee3p nhi\u1ec1u y\u00eau c\u1ea7u k\u1ef9 thu\u1eadt<\/h2>\n<p data-start=\"775\" data-end=\"869\">Hi\u1ec7n nay, V\u0169 Gia cung c\u1ea5p d\u1ecbch v\u1ee5 <strong data-start=\"809\" data-end=\"857\">gia c\u00f4ng h\u00e0n v\u1edbi nhi\u1ec1u ph\u01b0\u01a1ng ph\u00e1p kh\u00e1c nhau<\/strong>, bao g\u1ed3m:<\/p>\n<ul data-start=\"870\" data-end=\"1219\">\n<li data-start=\"870\" data-end=\"960\">\n<p data-start=\"872\" data-end=\"960\"><strong data-start=\"872\" data-end=\"883\">H\u00e0n TIG<\/strong>: cho m\u1ed1i h\u00e0n tinh x\u1ea3o, \u0111\u1ed9 ch\u00ednh x\u00e1c cao, ph\u00f9 h\u1ee3p v\u1edbi inox v\u00e0 kim lo\u1ea1i m\u00e0u.<\/p>\n<\/li>\n<li data-start=\"961\" data-end=\"1070\">\n<p data-start=\"963\" data-end=\"1070\"><strong data-start=\"963\" data-end=\"974\">H\u00e0n MIG<\/strong>: c\u00f3 kh\u1ea3 n\u0103ng thi c\u00f4ng nhanh, m\u1ed1i h\u00e0n ch\u1eafc ch\u1eafn, th\u00edch h\u1ee3p v\u1edbi s\u1ea3n ph\u1ea9m y\u00eau c\u1ea7u n\u0103ng su\u1ea5t cao.<\/p>\n<\/li>\n<li data-start=\"1071\" data-end=\"1219\">\n<p data-start=\"1073\" data-end=\"1219\"><strong data-start=\"1073\" data-end=\"1086\">H\u00e0n Laser<\/strong>: \u1ee9ng d\u1ee5ng c\u00f4ng ngh\u1ec7 hi\u1ec7n \u0111\u1ea1i, cho m\u1ed1i h\u00e0n nh\u1ecf g\u1ecdn, th\u1ea9m m\u1ef9, h\u1ea1n ch\u1ebf bi\u1ebfn d\u1ea1ng nhi\u1ec7t, \u0111\u01b0\u1ee3c \u0111\u00e1nh gi\u00e1 cao trong c\u00e1c s\u1ea3n ph\u1ea9m cao c\u1ea5p.<\/p>\n<\/li>\n<\/ul>\n<figure id=\"attachment_2122\" aria-describedby=\"caption-attachment-2122\" style=\"width: 339px\" class=\"wp-caption alignnone\"><img loading=\"lazy\" decoding=\"async\" class=\"size-full wp-image-2122\" src=\"https:\/\/kimkhivugia.com\/noi-that\/wp-content\/uploads\/2025\/09\/may-han-laser-fiber-1000w-hancatsaigon.jpg\" alt=\"\" width=\"339\" height=\"436\" \/><figcaption id=\"caption-attachment-2122\" class=\"wp-caption-text\">M\u00e1y h\u00e0n laser fiber<\/figcaption><\/figure>\n<p data-start=\"1221\" data-end=\"1412\">S\u1ef1 k\u1ebft h\u1ee3p linh ho\u1ea1t gi\u1eefa c\u00e1c ph\u01b0\u01a1ng ph\u00e1p n\u00e0y gi\u00fap doanh nghi\u1ec7p <strong data-start=\"1285\" data-end=\"1316\">\u0111\u00e1p \u1ee9ng nhi\u1ec1u d\u1ea1ng s\u1ea3n ph\u1ea9m<\/strong>, t\u1eeb chi ti\u1ebft m\u00e1y, k\u1ebft c\u1ea5u c\u00f4ng nghi\u1ec7p \u0111\u1ebfn c\u00e1c s\u1ea3n ph\u1ea9m n\u1ed9i \u2013 ngo\u1ea1i th\u1ea5t \u0111\u00f2i h\u1ecfi t\u00ednh th\u1ea9m m\u1ef9.<\/p>\n<h2 data-start=\"1414\" data-end=\"1458\">X\u1eed l\u00fd b\u1ec1 m\u1eb7t: n\u00e2ng t\u1ea7m gi\u00e1 tr\u1ecb s\u1ea3n ph\u1ea9m<\/h2>\n<p data-start=\"1459\" data-end=\"1550\">B\u00ean c\u1ea1nh h\u00e0n, <strong data-start=\"1473\" data-end=\"1489\">x\u1eed l\u00fd b\u1ec1 m\u1eb7t<\/strong> l\u00e0 th\u1ebf m\u1ea1nh kh\u00e1c c\u1ee7a V\u0169 Gia. Doanh nghi\u1ec7p hi\u1ec7n tri\u1ec3n khai:<\/p>\n<ul data-start=\"1551\" data-end=\"1765\">\n<li data-start=\"1551\" data-end=\"1633\">\n<p data-start=\"1553\" data-end=\"1633\"><strong data-start=\"1553\" data-end=\"1571\">\u0110\u00e1nh b\u00f3ng inox<\/strong>: t\u1ea1o \u0111\u1ed9 s\u00e1ng g\u01b0\u01a1ng, n\u00e2ng cao t\u00ednh th\u1ea9m m\u1ef9 v\u00e0 ch\u1ed1ng b\u00e1m b\u1ea9n.<\/p>\n<\/li>\n<li data-start=\"1634\" data-end=\"1765\">\n<p data-start=\"1636\" data-end=\"1765\"><strong data-start=\"1636\" data-end=\"1654\">\u0110\u00e1nh x\u01b0\u1edbc inox<\/strong>: mang l\u1ea1i v\u1ebb \u0111\u1eb9p hi\u1ec7n \u0111\u1ea1i, sang tr\u1ecdng, th\u01b0\u1eddng \u0111\u01b0\u1ee3c \u1ee9ng d\u1ee5ng trong n\u1ed9i th\u1ea5t, ki\u1ebfn tr\u00fac v\u00e0 s\u1ea3n ph\u1ea9m trang tr\u00ed.<\/p>\n<\/li>\n<\/ul>\n<p><img loading=\"lazy\" decoding=\"async\" class=\"alignnone size-full wp-image-2056\" src=\"https:\/\/kimkhivugia.com\/noi-that\/wp-content\/uploads\/2025\/09\/z7016247315171_6aa6e5d649bb6724b9a938e32359bd69.jpg\" alt=\"\" width=\"1920\" height=\"2560\" \/><\/p>\n<p data-start=\"1767\" data-end=\"1963\">C\u00e1c quy tr\u00ecnh n\u00e0y kh\u00f4ng ch\u1ec9 c\u1ea3i thi\u1ec7n <strong data-start=\"1805\" data-end=\"1821\">t\u00ednh th\u1ea9m m\u1ef9<\/strong> m\u00e0 c\u00f2n gi\u00fap t\u0103ng \u0111\u1ed9 b\u1ec1n, kh\u1ea3 n\u0103ng ch\u1ed1ng \u0103n m\u00f2n v\u00e0 d\u1ec5 d\u00e0ng ph\u1ed1i h\u1ee3p v\u1edbi c\u00e1c c\u00f4ng \u0111o\u1ea1n ho\u00e0n thi\u1ec7n kh\u00e1c nh\u01b0 <strong data-start=\"1927\" data-end=\"1960\">s\u01a1n t\u0129nh \u0111i\u1ec7n, m\u1ea1 k\u1ebdm, m\u1ea1 m\u00e0u<\/strong>.<\/p>\n<h2 data-start=\"1965\" data-end=\"2000\">H\u01b0\u1edbng \u0111\u1ebfn ch\u1ea5t l\u01b0\u1ee3ng to\u00e0n di\u1ec7n<\/h2>\n<p data-start=\"2001\" data-end=\"2313\">V\u1edbi ph\u01b0\u01a1ng ch\u00e2m \u201c<strong data-start=\"2018\" data-end=\"2051\">K\u1ef9 thu\u1eadt chu\u1ea9n \u2013 Th\u1ea9m m\u1ef9 tinh<\/strong>\u201d, <strong data-start=\"2054\" data-end=\"2085\">C\u00f4ng ty TNHH Kim Kh\u00ed V\u0169 Gia<\/strong> kh\u00f4ng ng\u1eebng n\u00e2ng cao tay ngh\u1ec1 k\u1ef9 thu\u1eadt vi\u00ean v\u00e0 t\u1ed1i \u01b0u quy tr\u00ecnh s\u1ea3n xu\u1ea5t. Nh\u1edd \u0111\u00f3, s\u1ea3n ph\u1ea9m \u0111\u1ea7u ra lu\u00f4n \u0111\u1ea3m b\u1ea3o <strong data-start=\"2197\" data-end=\"2246\">m\u1ed1i h\u00e0n ch\u1eafc ch\u1eafn, b\u1ec1 m\u1eb7t ho\u00e0n thi\u1ec7n tinh x\u1ea3o<\/strong>, ph\u00f9 h\u1ee3p ti\u00eau chu\u1ea9n k\u1ef9 thu\u1eadt l\u1eabn y\u00eau c\u1ea7u th\u1ea9m m\u1ef9 c\u1ee7a kh\u00e1ch h\u00e0ng.<\/p>\n","protected":false},"excerpt":{"rendered":"<p>C\u00f4ng ty TNHH Kim Kh\u00ed V\u0169 Gia \u0111\u1ea9y m\u1ea1nh d\u1ecbch v\u1ee5 gia c\u00f4ng h\u00e0n v\u00e0 x\u1eed l\u00fd b\u1ec1 m\u1eb7t kim lo\u1ea1i Trong ng\u00e0nh c\u01a1 kh\u00ed ch\u1ebf t\u1ea1o, h\u00e0n v\u00e0 x\u1eed l\u00fd b\u1ec1 m\u1eb7t l\u00e0 nh\u1eefng c\u00f4ng \u0111o\u1ea1n then ch\u1ed1t, quy\u1ebft \u0111\u1ecbnh \u0111\u1ebfn \u0111\u1ed9 b\u1ec1n, t\u00ednh th\u1ea9m m\u1ef9 v\u00e0 tu\u1ed5i th\u1ecd c\u1ee7a s\u1ea3n ph\u1ea9m kim lo\u1ea1i&#8230;.<\/p>\n","protected":false},"featured_media":2122,"comment_status":"closed","ping_status":"closed","template":"","meta":[],"product_brand":[],"product_cat":[98],"product_tag":[],"class_list":{"0":"post-1807","1":"product","2":"type-product","3":"status-publish","4":"has-post-thumbnail","6":"product_cat-gia-cong-han-danh-bong","8":"first","9":"instock","10":"shipping-taxable","11":"purchasable","12":"product-type-simple"},"_links":{"self":[{"href":"https:\/\/kimkhivugia.com\/noi-that\/wp-json\/wp\/v2\/product\/1807","targetHints":{"allow":["GET"]}}],"collection":[{"href":"https:\/\/kimkhivugia.com\/noi-that\/wp-json\/wp\/v2\/product"}],"about":[{"href":"https:\/\/kimkhivugia.com\/noi-that\/wp-json\/wp\/v2\/types\/product"}],"replies":[{"embeddable":true,"href":"https:\/\/kimkhivugia.com\/noi-that\/wp-json\/wp\/v2\/comments?post=1807"}],"wp:featuredmedia":[{"embeddable":true,"href":"https:\/\/kimkhivugia.com\/noi-that\/wp-json\/wp\/v2\/media\/2122"}],"wp:attachment":[{"href":"https:\/\/kimkhivugia.com\/noi-that\/wp-json\/wp\/v2\/media?parent=1807"}],"wp:term":[{"taxonomy":"product_brand","embeddable":true,"href":"https:\/\/kimkhivugia.com\/noi-that\/wp-json\/wp\/v2\/product_brand?post=1807"},{"taxonomy":"product_cat","embeddable":true,"href":"https:\/\/kimkhivugia.com\/noi-that\/wp-json\/wp\/v2\/product_cat?post=1807"},{"taxonomy":"product_tag","embeddable":true,"href":"https:\/\/kimkhivugia.com\/noi-that\/wp-json\/wp\/v2\/product_tag?post=1807"}],"curies":[{"name":"wp","href":"https:\/\/api.w.org\/{rel}","templated":true}]}}