{"id":1805,"date":"2025-08-24T10:11:30","date_gmt":"2025-08-24T03:11:30","guid":{"rendered":"https:\/\/kimkhivugia.com\/noi-that\/cat-laser-inox-sat\/"},"modified":"2025-09-25T09:43:32","modified_gmt":"2025-09-25T02:43:32","slug":"cat-laser-inox-sat","status":"publish","type":"product","link":"https:\/\/kimkhivugia.com\/noi-that\/cat-laser-inox-sat\/","title":{"rendered":"C\u1eaeT LASER INOX, S\u1eaeT"},"content":{"rendered":"\n\n<div class=\"kk-star-ratings kksr-auto kksr-align-left kksr-valign-top\"\n    data-payload='{&quot;align&quot;:&quot;left&quot;,&quot;id&quot;:&quot;1805&quot;,&quot;slug&quot;:&quot;default&quot;,&quot;valign&quot;:&quot;top&quot;,&quot;ignore&quot;:&quot;&quot;,&quot;reference&quot;:&quot;auto&quot;,&quot;class&quot;:&quot;&quot;,&quot;count&quot;:&quot;0&quot;,&quot;legendonly&quot;:&quot;&quot;,&quot;readonly&quot;:&quot;&quot;,&quot;score&quot;:&quot;0&quot;,&quot;starsonly&quot;:&quot;&quot;,&quot;best&quot;:&quot;5&quot;,&quot;gap&quot;:&quot;5&quot;,&quot;greet&quot;:&quot;\u0110\u00e1nh gi\u00e1 b\u00e0i vi\u1ebft&quot;,&quot;legend&quot;:&quot;0\\\/5 - (0 b\u00ecnh ch\u1ecdn)&quot;,&quot;size&quot;:&quot;24&quot;,&quot;title&quot;:&quot;C\u1eaeT LASER INOX, S\u1eaeT&quot;,&quot;width&quot;:&quot;0&quot;,&quot;_legend&quot;:&quot;{score}\\\/{best} - ({count} {votes})&quot;,&quot;font_factor&quot;:&quot;1.25&quot;}'>\n            \n<div class=\"kksr-stars\">\n    \n<div class=\"kksr-stars-inactive\">\n            <div class=\"kksr-star\" data-star=\"1\" style=\"padding-right: 5px\">\n            \n\n<div class=\"kksr-icon\" style=\"width: 24px; height: 24px;\"><\/div>\n        <\/div>\n            <div class=\"kksr-star\" data-star=\"2\" style=\"padding-right: 5px\">\n            \n\n<div class=\"kksr-icon\" style=\"width: 24px; height: 24px;\"><\/div>\n        <\/div>\n            <div class=\"kksr-star\" data-star=\"3\" style=\"padding-right: 5px\">\n            \n\n<div class=\"kksr-icon\" style=\"width: 24px; height: 24px;\"><\/div>\n        <\/div>\n            <div class=\"kksr-star\" data-star=\"4\" style=\"padding-right: 5px\">\n            \n\n<div class=\"kksr-icon\" style=\"width: 24px; height: 24px;\"><\/div>\n        <\/div>\n            <div class=\"kksr-star\" data-star=\"5\" style=\"padding-right: 5px\">\n            \n\n<div class=\"kksr-icon\" style=\"width: 24px; height: 24px;\"><\/div>\n        <\/div>\n    <\/div>\n    \n<div class=\"kksr-stars-active\" style=\"width: 0px;\">\n            <div class=\"kksr-star\" style=\"padding-right: 5px\">\n            \n\n<div class=\"kksr-icon\" style=\"width: 24px; height: 24px;\"><\/div>\n        <\/div>\n            <div class=\"kksr-star\" style=\"padding-right: 5px\">\n            \n\n<div class=\"kksr-icon\" style=\"width: 24px; height: 24px;\"><\/div>\n        <\/div>\n            <div class=\"kksr-star\" style=\"padding-right: 5px\">\n            \n\n<div class=\"kksr-icon\" style=\"width: 24px; height: 24px;\"><\/div>\n        <\/div>\n            <div class=\"kksr-star\" style=\"padding-right: 5px\">\n            \n\n<div class=\"kksr-icon\" style=\"width: 24px; height: 24px;\"><\/div>\n        <\/div>\n            <div class=\"kksr-star\" style=\"padding-right: 5px\">\n            \n\n<div class=\"kksr-icon\" style=\"width: 24px; height: 24px;\"><\/div>\n        <\/div>\n    <\/div>\n<\/div>\n                \n\n<div class=\"kksr-legend\" style=\"font-size: 19.2px;\">\n            <span class=\"kksr-muted\">\u0110\u00e1nh gi\u00e1 b\u00e0i vi\u1ebft<\/span>\n    <\/div>\n    <\/div>\n<h1 data-start=\"268\" data-end=\"353\">gia c\u00f4ng c\u1eaft laser t\u1ea1i Kim Kh\u00ed V\u0169 Gia<\/h1>\n<p data-start=\"355\" data-end=\"581\">Trong b\u1ed1i c\u1ea3nh nhu c\u1ea7u gia c\u00f4ng kim lo\u1ea1i ng\u00e0y c\u00e0ng \u0111\u00f2i h\u1ecfi <strong data-start=\"414\" data-end=\"450\">\u0111\u1ed9 ch\u00ednh x\u00e1c v\u00e0 t\u00ednh th\u1ea9m m\u1ef9 cao<\/strong>, C\u00f4ng ty TNHH Kim Kh\u00ed V\u0169 Gia lu\u00f4n \u0111\u00e1p \u1ee9ng \u0111\u01b0\u1ee3c m\u1ecdi nhu c\u1ea7u kh\u00f3 nh\u1ea5t , v\u00e0 lu\u00f4n mang \u0111\u1ebfn nh\u1eefng s\u1ea3n ph\u1ea9m c\u1eaft laser v\u1edbi \u0111\u1ed9 ch\u00ednh x\u00e1c v\u00e0 th\u1ea9m m\u1ef9 cao<\/p>\n<p data-start=\"583\" data-end=\"901\">Ch\u00fang t\u00f4i c\u00f3 th\u1ec3 gia c\u00f4ng c\u1eaft laser v\u1edbi nh\u1eefng \u0111\u1ed9 d\u00e0y v\u01b0\u1ee3t tr\u1ed9i :<strong data-start=\"684\" data-end=\"728\">s\u1eaft d\u00e0y \u0111\u1ebfn 15mm, inox 12mm v\u00e0 nh\u00f4m 10mm<\/strong>. K\u1ebft qu\u1ea3 gia c\u00f4ng \u0111\u1ea1t \u0111\u01b0\u1ee3c <strong data-start=\"756\" data-end=\"796\">\u0111\u01b0\u1eddng c\u1eaft m\u1ecbn, s\u1eafc n\u00e9t, kh\u00f4ng ba via<\/strong>, gi\u00fap ti\u1ebft ki\u1ec7m th\u1eddi gian x\u1eed l\u00fd b\u1ec1 m\u1eb7t v\u00e0 \u0111\u1ea3m b\u1ea3o ch\u1ea5t l\u01b0\u1ee3ng cho c\u00e1c h\u1ea1ng m\u1ee5c c\u00f3 y\u00eau c\u1ea7u k\u1ef9 thu\u1eadt cao.<\/p>\n<p data-start=\"903\" data-end=\"1212\">Kh\u00f4ng ch\u1ec9 d\u1eebng l\u1ea1i \u1edf kh\u1ea3 n\u0103ng x\u1eed l\u00fd v\u1eadt li\u1ec7u d\u00e0y, gia c\u00f4ng c\u1eaft laser t\u1ea1i V\u0169 Gia c\u00f2n \u0111\u01b0\u1ee3c \u0111\u00e1nh gi\u00e1 cao v\u1ec1 <strong data-start=\"999\" data-end=\"1017\">t\u00ednh linh ho\u1ea1t<\/strong>. Doanh nghi\u1ec7p c\u00f3 th\u1ec3 gia c\u00f4ng t\u1eeb nh\u1eefng chi ti\u1ebft k\u1ef9 thu\u1eadt nh\u1ecf, hoa v\u0103n ph\u1ee9c t\u1ea1p cho \u0111\u1ebfn c\u00e1c s\u1ea3n ph\u1ea9m, c\u1ea5u ki\u1ec7n quy m\u00f4 l\u1edbn ph\u1ee5c v\u1ee5 <strong data-start=\"1147\" data-end=\"1209\">c\u00f4ng nghi\u1ec7p, n\u1ed9i th\u1ea5t \u2013 ngo\u1ea1i th\u1ea5t, ki\u1ebfn tr\u00fac v\u00e0 qu\u1ea3ng c\u00e1o<\/strong>.<\/p>\n<p data-start=\"1214\" data-end=\"1469\"><img loading=\"lazy\" decoding=\"async\" class=\"alignnone size-full wp-image-2119\" src=\"https:\/\/kimkhivugia.com\/noi-that\/wp-content\/uploads\/2025\/09\/z7028151395590_660685e1badd88569ded990983c0381f.jpg\" alt=\"\" width=\"1441\" height=\"2560\" \/><img loading=\"lazy\" decoding=\"async\" class=\"alignnone size-full wp-image-2089\" src=\"https:\/\/kimkhivugia.com\/noi-that\/wp-content\/uploads\/2025\/09\/z7016247317325_c3fc57fe8222998c1dd008f34542d43a-1.jpg\" alt=\"\" width=\"960\" height=\"1280\" \/><\/p>\n","protected":false},"excerpt":{"rendered":"<p>gia c\u00f4ng c\u1eaft laser t\u1ea1i Kim Kh\u00ed V\u0169 Gia Trong b\u1ed1i c\u1ea3nh nhu c\u1ea7u gia c\u00f4ng kim lo\u1ea1i ng\u00e0y c\u00e0ng \u0111\u00f2i h\u1ecfi \u0111\u1ed9 ch\u00ednh x\u00e1c v\u00e0 t\u00ednh th\u1ea9m m\u1ef9 cao, C\u00f4ng ty TNHH Kim Kh\u00ed V\u0169 Gia lu\u00f4n \u0111\u00e1p \u1ee9ng \u0111\u01b0\u1ee3c m\u1ecdi nhu c\u1ea7u kh\u00f3 nh\u1ea5t , v\u00e0 lu\u00f4n mang \u0111\u1ebfn nh\u1eefng s\u1ea3n ph\u1ea9m c\u1eaft&#8230;<\/p>\n","protected":false},"featured_media":2125,"comment_status":"closed","ping_status":"closed","template":"","meta":[],"product_brand":[],"product_cat":[97],"product_tag":[],"class_list":{"0":"post-1805","1":"product","2":"type-product","3":"status-publish","4":"has-post-thumbnail","6":"product_cat-gia-cong-cat-laser","8":"first","9":"instock","10":"shipping-taxable","11":"purchasable","12":"product-type-simple"},"_links":{"self":[{"href":"https:\/\/kimkhivugia.com\/noi-that\/wp-json\/wp\/v2\/product\/1805","targetHints":{"allow":["GET"]}}],"collection":[{"href":"https:\/\/kimkhivugia.com\/noi-that\/wp-json\/wp\/v2\/product"}],"about":[{"href":"https:\/\/kimkhivugia.com\/noi-that\/wp-json\/wp\/v2\/types\/product"}],"replies":[{"embeddable":true,"href":"https:\/\/kimkhivugia.com\/noi-that\/wp-json\/wp\/v2\/comments?post=1805"}],"wp:featuredmedia":[{"embeddable":true,"href":"https:\/\/kimkhivugia.com\/noi-that\/wp-json\/wp\/v2\/media\/2125"}],"wp:attachment":[{"href":"https:\/\/kimkhivugia.com\/noi-that\/wp-json\/wp\/v2\/media?parent=1805"}],"wp:term":[{"taxonomy":"product_brand","embeddable":true,"href":"https:\/\/kimkhivugia.com\/noi-that\/wp-json\/wp\/v2\/product_brand?post=1805"},{"taxonomy":"product_cat","embeddable":true,"href":"https:\/\/kimkhivugia.com\/noi-that\/wp-json\/wp\/v2\/product_cat?post=1805"},{"taxonomy":"product_tag","embeddable":true,"href":"https:\/\/kimkhivugia.com\/noi-that\/wp-json\/wp\/v2\/product_tag?post=1805"}],"curies":[{"name":"wp","href":"https:\/\/api.w.org\/{rel}","templated":true}]}}