{"id":1788,"date":"2025-08-24T10:09:22","date_gmt":"2025-08-24T03:09:22","guid":{"rendered":"https:\/\/kimkhivugia.com\/noi-that\/cung-cap-gia-cong-uon-loc-tam-kim-loai\/"},"modified":"2025-11-19T11:51:55","modified_gmt":"2025-11-19T04:51:55","slug":"cung-cap-gia-cong-uon-loc-tam-kim-loai","status":"publish","type":"product","link":"https:\/\/kimkhivugia.com\/noi-that\/cung-cap-gia-cong-uon-loc-tam-kim-loai\/","title":{"rendered":"\u0110\u1ed8T T\u1ea4M KIM LO\u1ea0I"},"content":{"rendered":"\n\n<div class=\"kk-star-ratings kksr-auto kksr-align-left kksr-valign-top\"\n    data-payload='{&quot;align&quot;:&quot;left&quot;,&quot;id&quot;:&quot;1788&quot;,&quot;slug&quot;:&quot;default&quot;,&quot;valign&quot;:&quot;top&quot;,&quot;ignore&quot;:&quot;&quot;,&quot;reference&quot;:&quot;auto&quot;,&quot;class&quot;:&quot;&quot;,&quot;count&quot;:&quot;0&quot;,&quot;legendonly&quot;:&quot;&quot;,&quot;readonly&quot;:&quot;&quot;,&quot;score&quot;:&quot;0&quot;,&quot;starsonly&quot;:&quot;&quot;,&quot;best&quot;:&quot;5&quot;,&quot;gap&quot;:&quot;5&quot;,&quot;greet&quot;:&quot;\u0110\u00e1nh gi\u00e1 b\u00e0i vi\u1ebft&quot;,&quot;legend&quot;:&quot;0\\\/5 - (0 b\u00ecnh ch\u1ecdn)&quot;,&quot;size&quot;:&quot;24&quot;,&quot;title&quot;:&quot;\u0110\u1ed8T T\u1ea4M KIM LO\u1ea0I&quot;,&quot;width&quot;:&quot;0&quot;,&quot;_legend&quot;:&quot;{score}\\\/{best} - ({count} {votes})&quot;,&quot;font_factor&quot;:&quot;1.25&quot;}'>\n            \n<div class=\"kksr-stars\">\n    \n<div class=\"kksr-stars-inactive\">\n            <div class=\"kksr-star\" data-star=\"1\" style=\"padding-right: 5px\">\n            \n\n<div class=\"kksr-icon\" style=\"width: 24px; height: 24px;\"><\/div>\n        <\/div>\n            <div class=\"kksr-star\" data-star=\"2\" style=\"padding-right: 5px\">\n            \n\n<div class=\"kksr-icon\" style=\"width: 24px; height: 24px;\"><\/div>\n        <\/div>\n            <div class=\"kksr-star\" data-star=\"3\" style=\"padding-right: 5px\">\n            \n\n<div class=\"kksr-icon\" style=\"width: 24px; height: 24px;\"><\/div>\n        <\/div>\n            <div class=\"kksr-star\" data-star=\"4\" style=\"padding-right: 5px\">\n            \n\n<div class=\"kksr-icon\" style=\"width: 24px; height: 24px;\"><\/div>\n        <\/div>\n            <div class=\"kksr-star\" data-star=\"5\" style=\"padding-right: 5px\">\n            \n\n<div class=\"kksr-icon\" style=\"width: 24px; height: 24px;\"><\/div>\n        <\/div>\n    <\/div>\n    \n<div class=\"kksr-stars-active\" style=\"width: 0px;\">\n            <div class=\"kksr-star\" style=\"padding-right: 5px\">\n            \n\n<div class=\"kksr-icon\" style=\"width: 24px; height: 24px;\"><\/div>\n        <\/div>\n            <div class=\"kksr-star\" style=\"padding-right: 5px\">\n            \n\n<div class=\"kksr-icon\" style=\"width: 24px; height: 24px;\"><\/div>\n        <\/div>\n            <div class=\"kksr-star\" style=\"padding-right: 5px\">\n            \n\n<div class=\"kksr-icon\" style=\"width: 24px; height: 24px;\"><\/div>\n        <\/div>\n            <div class=\"kksr-star\" style=\"padding-right: 5px\">\n            \n\n<div class=\"kksr-icon\" style=\"width: 24px; height: 24px;\"><\/div>\n        <\/div>\n            <div class=\"kksr-star\" style=\"padding-right: 5px\">\n            \n\n<div class=\"kksr-icon\" style=\"width: 24px; height: 24px;\"><\/div>\n        <\/div>\n    <\/div>\n<\/div>\n                \n\n<div class=\"kksr-legend\" style=\"font-size: 19.2px;\">\n            <span class=\"kksr-muted\">\u0110\u00e1nh gi\u00e1 b\u00e0i vi\u1ebft<\/span>\n    <\/div>\n    <\/div>\n<h1 data-start=\"177\" data-end=\"262\">C\u00f4ng ty TNHH Kim Kh\u00ed V\u0169 Gia ph\u00e1t tri\u1ec3n d\u1ecbch v\u1ee5 gia c\u00f4ng \u0111\u1ed9t t\u1ea5m CNC ch\u00ednh x\u00e1c cao<\/h1>\n<p data-start=\"264\" data-end=\"593\">Trong l\u0129nh v\u1ef1c gia c\u00f4ng kim lo\u1ea1i t\u1ea5m, <strong data-start=\"302\" data-end=\"313\">\u0111\u1ed9t CNC<\/strong> l\u00e0 c\u00f4ng ngh\u1ec7 hi\u1ec7n \u0111\u1ea1i gi\u00fap t\u1ea1o h\u00ecnh nhanh ch\u00f3ng, ch\u00ednh x\u00e1c v\u00e0 \u0111\u1ed3ng b\u1ed9 cho c\u00e1c chi ti\u1ebft s\u1ea3n ph\u1ea9m. t\u1ea1i c\u00f4ng ty TNHH Kim kh\u00ed V\u0169 Gia ch\u00fang t\u00f4i lu\u00f4n \u0111\u01b0a v\u00e0o \u00e1p d\u1ee5ng nh\u1eefng c\u00f4ng ngh\u1ec7 ti\u00ean ti\u1ebfn nh\u1ea5t \u0111\u1ec3 mang \u0111\u1ebfn nh\u1eefng s\u1ea3n ph\u1ea9m t\u1ed1t nh\u1ea5t cho kh\u00e1ch h\u00e0ng<\/p>\n<p data-start=\"264\" data-end=\"593\"><img loading=\"lazy\" decoding=\"async\" class=\"alignnone size-full wp-image-2124\" src=\"https:\/\/kimkhivugia.com\/noi-that\/wp-content\/uploads\/2025\/09\/15929916054539_amada-pega-357-p80621051_2.jpg\" alt=\"\" width=\"2560\" height=\"1440\" \/><\/p>\n<h2 style=\"font-size: 23.04px;\" data-start=\"595\" data-end=\"635\">\u01afu th\u1ebf c\u00f4ng ngh\u1ec7 \u0111\u1ed9t CNC t\u1ea1i V\u0169 Gia<\/h2>\n<p data-start=\"264\" data-end=\"593\"><span style=\"font-size: 14.4px;\">V\u1edbi kh\u1ea3 n\u0103ng l\u1eadp tr\u00ecnh t\u1ef1 \u0111\u1ed9ng tr\u00ean m\u00e1y t\u00ednh,<\/span><span style=\"font-size: 14.4px;\">\u00a0<\/span><strong style=\"font-size: 14.4px;\" data-start=\"682\" data-end=\"693\">\u0111\u1ed9t CNC<\/strong><span style=\"font-size: 14.4px;\">\u00a0<\/span><span style=\"font-size: 14.4px;\">cho ph\u00e9p x\u1eed l\u00fd kim lo\u1ea1i t\u1ea5m v\u1edbi<\/span><span style=\"font-size: 14.4px;\">\u00a0<\/span><strong style=\"font-size: 14.4px;\" data-start=\"726\" data-end=\"764\">\u0111\u1ed9 ch\u00ednh x\u00e1c cao v\u00e0 t\u1ed1c \u0111\u1ed9\u00a0<\/strong>h\u1ee5c v\u1ee5 nhu c\u1ea7u \u0111a d\u1ea1ng c\u1ee7a kh\u00e1ch h\u00e0ng trong nhi\u1ec1u ng\u00e0nh ngh\u1ec1.<strong style=\"font-size: 14.4px;\" data-start=\"726\" data-end=\"764\">\u1ed5n \u0111\u1ecbnh<\/strong><span style=\"font-size: 14.4px;\">. C\u00f4ng ngh\u1ec7 n\u00e0y \u0111\u1eb7c bi\u1ec7t ph\u00f9 h\u1ee3p trong vi\u1ec7c t\u1ea1o c\u00e1c chi ti\u1ebft:<\/span><\/p>\n<ul data-start=\"828\" data-end=\"1040\">\n<li data-start=\"828\" data-end=\"886\">\n<p data-start=\"830\" data-end=\"886\"><strong data-start=\"830\" data-end=\"869\">L\u1ed7 tr\u00f2n, l\u1ed7 vu\u00f4ng, hoa v\u0103n ph\u1ee9c t\u1ea1p<\/strong> tr\u00ean kim lo\u1ea1i.<\/p>\n<\/li>\n<li data-start=\"887\" data-end=\"967\">\n<p data-start=\"889\" data-end=\"967\"><strong data-start=\"889\" data-end=\"939\">K\u1ebft c\u1ea5u \u0111\u00f2i h\u1ecfi \u0111\u1ed9 l\u1eb7p l\u1ea1i ch\u00ednh x\u00e1c tuy\u1ec7t \u0111\u1ed1i<\/strong> trong s\u1ea3n xu\u1ea5t h\u00e0ng lo\u1ea1t.<\/p>\n<\/li>\n<li data-start=\"968\" data-end=\"1040\">\n<p data-start=\"970\" data-end=\"1040\"><strong data-start=\"970\" data-end=\"997\">S\u1ea3n ph\u1ea9m k\u00edch th\u01b0\u1edbc l\u1edbn<\/strong> nh\u01b0ng c\u1ea7n \u0111\u1ea3m b\u1ea3o t\u00ednh th\u1ea9m m\u1ef9 \u0111\u1ed3ng \u0111\u1ec1u.<\/p>\n<\/li>\n<\/ul>\n<p data-start=\"1042\" data-end=\"1094\">T\u1ea1i V\u0169 Gia, d\u1ecbch v\u1ee5 \u0111\u1ed9t CNC \u0111\u01b0\u1ee3c \u0111\u00e1nh gi\u00e1 cao nh\u1edd:<\/p>\n<ul data-start=\"1095\" data-end=\"1307\">\n<li data-start=\"1095\" data-end=\"1143\">\n<p data-start=\"1097\" data-end=\"1143\"><strong data-start=\"1097\" data-end=\"1140\">\u0110\u1ed9 ch\u00ednh x\u00e1c chu\u1ea9n theo b\u1ea3n v\u1ebd k\u1ef9 thu\u1eadt<\/strong>.<\/p>\n<\/li>\n<li data-start=\"1144\" data-end=\"1196\">\n<p data-start=\"1146\" data-end=\"1196\"><strong data-start=\"1146\" data-end=\"1193\">\u0110\u01b0\u1eddng c\u1eaft, l\u1ed7 \u0111\u1ed9t s\u1eafc n\u00e9t, b\u1ec1 m\u1eb7t \u00edt ba via<\/strong>.<\/p>\n<\/li>\n<li data-start=\"1197\" data-end=\"1307\">\n<p data-start=\"1199\" data-end=\"1307\"><strong data-start=\"1199\" data-end=\"1230\">Kh\u1ea3 n\u0103ng gia c\u00f4ng linh ho\u1ea1t<\/strong>: t\u1eeb s\u1ea3n ph\u1ea9m c\u00f4ng nghi\u1ec7p, n\u1ed9i \u2013 ngo\u1ea1i th\u1ea5t cho \u0111\u1ebfn c\u00e1c chi ti\u1ebft trang tr\u00ed.<\/p>\n<\/li>\n<\/ul>\n<h2 data-start=\"1309\" data-end=\"1355\"><img loading=\"lazy\" decoding=\"async\" class=\"alignnone size-full wp-image-2099\" src=\"https:\/\/kimkhivugia.com\/noi-that\/wp-content\/uploads\/2025\/09\/z7016247352538_87af6a9e1609617308869c98e1bb5f04-1.jpg\" alt=\"\" width=\"1920\" height=\"2560\" \/><\/h2>\n<h2 data-start=\"1309\" data-end=\"1355\">H\u01b0\u1edbng \u0111\u1ebfn gi\u1ea3i ph\u00e1p t\u1ed1i \u01b0u cho kh\u00e1ch h\u00e0ng<\/h2>\n<p data-start=\"1356\" data-end=\"1545\">Kh\u00f4ng ch\u1ec9 gia c\u00f4ng theo b\u1ea3n v\u1ebd c\u00f3 s\u1eb5n, \u0111\u1ed9i ng\u0169 k\u1ef9 s\u01b0 c\u1ee7a V\u0169 Gia c\u00f2n <strong data-start=\"1424\" data-end=\"1461\">t\u01b0 v\u1ea5n k\u1ebft c\u1ea5u v\u00e0 t\u1ed1i \u01b0u thi\u1ebft k\u1ebf<\/strong>, gi\u00fap kh\u00e1ch h\u00e0ng v\u1eeba \u0111\u1ea3m b\u1ea3o ch\u1ea5t l\u01b0\u1ee3ng s\u1ea3n ph\u1ea9m, v\u1eeba ti\u1ebft ki\u1ec7m chi ph\u00ed s\u1ea3n xu\u1ea5t.<\/p>\n<p data-start=\"1547\" data-end=\"1796\">V\u1edbi \u0111\u1ecbnh h\u01b0\u1edbng <strong data-start=\"1562\" data-end=\"1618\">\u201cCh\u00ednh x\u00e1c trong k\u1ef9 thu\u1eadt \u2013 Tinh g\u1ecdn trong s\u1ea3n xu\u1ea5t\u201d<\/strong>, <strong data-start=\"1620\" data-end=\"1651\">C\u00f4ng ty TNHH Kim Kh\u00ed V\u0169 Gia<\/strong> \u0111ang kh\u1eb3ng \u0111\u1ecbnh n\u0103ng l\u1ef1c trong l\u0129nh v\u1ef1c <strong data-start=\"1692\" data-end=\"1716\">gia c\u00f4ng \u0111\u1ed9t t\u1ea5m CNC<\/strong>, tr\u1edf th\u00e0nh \u0111\u1ed1i t\u00e1c uy t\u00edn c\u1ee7a nhi\u1ec1u d\u1ef1 \u00e1n c\u00f4ng nghi\u1ec7p, ki\u1ebfn tr\u00fac v\u00e0 n\u1ed9i th\u1ea5t.<\/p>\n","protected":false},"excerpt":{"rendered":"<p>C\u00f4ng ty TNHH Kim Kh\u00ed V\u0169 Gia ph\u00e1t tri\u1ec3n d\u1ecbch v\u1ee5 gia c\u00f4ng \u0111\u1ed9t t\u1ea5m CNC ch\u00ednh x\u00e1c cao Trong l\u0129nh v\u1ef1c gia c\u00f4ng kim lo\u1ea1i t\u1ea5m, \u0111\u1ed9t CNC l\u00e0 c\u00f4ng ngh\u1ec7 hi\u1ec7n \u0111\u1ea1i gi\u00fap t\u1ea1o h\u00ecnh nhanh ch\u00f3ng, ch\u00ednh x\u00e1c v\u00e0 \u0111\u1ed3ng b\u1ed9 cho c\u00e1c chi ti\u1ebft s\u1ea3n ph\u1ea9m. t\u1ea1i c\u00f4ng ty TNHH Kim&#8230;<\/p>\n","protected":false},"featured_media":2124,"comment_status":"closed","ping_status":"closed","template":"","meta":[],"product_brand":[],"product_cat":[100],"product_tag":[],"class_list":{"0":"post-1788","1":"product","2":"type-product","3":"status-publish","4":"has-post-thumbnail","6":"product_cat-khoan-dot","8":"first","9":"instock","10":"shipping-taxable","11":"purchasable","12":"product-type-simple"},"_links":{"self":[{"href":"https:\/\/kimkhivugia.com\/noi-that\/wp-json\/wp\/v2\/product\/1788","targetHints":{"allow":["GET"]}}],"collection":[{"href":"https:\/\/kimkhivugia.com\/noi-that\/wp-json\/wp\/v2\/product"}],"about":[{"href":"https:\/\/kimkhivugia.com\/noi-that\/wp-json\/wp\/v2\/types\/product"}],"replies":[{"embeddable":true,"href":"https:\/\/kimkhivugia.com\/noi-that\/wp-json\/wp\/v2\/comments?post=1788"}],"wp:featuredmedia":[{"embeddable":true,"href":"https:\/\/kimkhivugia.com\/noi-that\/wp-json\/wp\/v2\/media\/2124"}],"wp:attachment":[{"href":"https:\/\/kimkhivugia.com\/noi-that\/wp-json\/wp\/v2\/media?parent=1788"}],"wp:term":[{"taxonomy":"product_brand","embeddable":true,"href":"https:\/\/kimkhivugia.com\/noi-that\/wp-json\/wp\/v2\/product_brand?post=1788"},{"taxonomy":"product_cat","embeddable":true,"href":"https:\/\/kimkhivugia.com\/noi-that\/wp-json\/wp\/v2\/product_cat?post=1788"},{"taxonomy":"product_tag","embeddable":true,"href":"https:\/\/kimkhivugia.com\/noi-that\/wp-json\/wp\/v2\/product_tag?post=1788"}],"curies":[{"name":"wp","href":"https:\/\/api.w.org\/{rel}","templated":true}]}}